 - u. What is the tens digit of v?
3
Suppose 0 = -3*s + 6*s + 3. Let b be (-2 - s)/(1/(-2)). What is the units digit of (3 - 10/4)*b?
1
Let y(x) = 12*x + 7. Let b(j) = -12*j - 6. Let s(n) = 6*b(n) + 5*y(n). Let m be s(-3). Let c = m + -22. What is the units digit of c?
3
Let z(r) = 25*r**2 + 5*r - 19. What is the tens digit of z(3)?
2
Suppose -2*d = 3*s - 1847, -5*d - s = -3188 - 1410. What is the hundreds digit of d?
9
Suppose -2*k - 2*k - 6 = n, 5*k = -3*n - 4. Suppose -2*c - 5*h = -h - 666, -n*h = 5*c - 1681. Suppose 0 = -4*a - 61 + c. What is the tens digit of a?
6
Let t be 0 - 3*(-35)/15. Suppose 3*h = -t - 2, 2*o - h - 121 = 0. What is the tens digit of o?
5
Suppose -7*z - 299 = -4086. What is the tens digit of z?
4
Let y = 851 - 577. What is the hundreds digit of y?
2
Let y be (-1)/4 + (-187)/(-44). Suppose -n - y*z = -59, n - 87 = -0*n + 3*z. Suppose 0 = 4*w + 4*l - l - n, 0 = -3*l - 9. What is the tens digit of w?
2
Let j(l) = -l**2 + 11*l + 16. Let m be j(12). Let v be (m + (0 - 4))/1. Suppose -o + v = -5. What is the units digit of o?
5
Let m be (-6)/27 - 32/18. Let d be m/7 - (-1060)/35. Suppose -12 = w - 3*w - 4*t, -d = -5*w + 3*t. What is the units digit of w?
6
Suppose -3*w + 0*w = -m + 84, -w = 5*m - 372. What is the hundreds digit of 5/(m/(-18))*350/(-3)?
1
Let n(j) = 6*j**2 - 9*j - 71. What is the units digit of n(18)?
1
Let v(x) = 62*x**2 + 3*x + 6. What is the units digit of v(-3)?
5
Suppose 11*p = 2*p + 4086. What is the hundreds digit of p?
4
Let h = -93 - -445. What is the units digit of h?
2
Suppose 5*w = -5*b + 3770, 31*w + 4*b - 3767 = 26*w. What is the tens digit of w?
5
Let c = -1123 - -2035. What is the units digit of c?
2
Suppose 1456 = -31*c + 32*c. Suppose -2*f + c = 11*f. What is the units digit of f?
2
Let g(w) = 2*w**3 - 3*w**2 - 10*w - 5. What is the hundreds digit of g(6)?
2
Let w(o) = -3*o**3 + 7*o**2 - 5*o + 4. Let h(y) = -5*y**3 + 13*y**2 - 9*y + 8. Let t = 17 + -21. Let r(d) = t*h(d) + 7*w(d). What is the units digit of r(-4)?
8
Let i(g) = -g - 17. Let t(y) = -3*y - 51. Let u(a) = 11*i(a) - 4*t(a). What is the tens digit of u(-4)?
1
Suppose 0 = 2*n - 7*n - 30. What is the tens digit of 2/n - 2/(-6) - -118?
1
Suppose 7 = v - 4*u - 2, -2*v = -3*u - 13. Suppose 118 = 5*d - 2*g, 6*d - 2*d = v*g + 108. What is the tens digit of d?
2
Let j(r) = 8*r - 34. What is the units digit of j(16)?
4
Let b(w) = -541*w - 28. What is the hundreds digit of b(-2)?
0
Let i(n) = 24*n**2 + 37*n + 28. What is the tens digit of i(-9)?
3
Suppose 0 = 5*w + 4*w - 2*w. Suppose 16*a + 97 - 2705 = w. What is the tens digit of a?
6
Let q(z) = 3*z**2 - z - 2. Let v = 2 - 0. Let r be q(v). Suppose 2*x = 2*t - r + 2, 0 = -4*t + x + 18. What is the units digit of t?
5
Let x = -7809 + 11572. What is the thousands digit of x?
3
Let a(m) = m + 44. Let c be a(-38). Let n(k) = 20*k + 4. Let b(h) = -7*h - 1. Let d(r) = 11*b(r) + 4*n(r). What is the units digit of d(c)?
3
Let h(r) = -1098*r + 173. What is the tens digit of h(-4)?
6
Suppose 13 = 2*b - 3. Let s be 918/8 - (-2)/b. Suppose 5*h - 115 = s. What is the tens digit of h?
4
Let k(f) = -f**3 + 6*f**2 + 10*f - 13. Let a be -4*(-3 + 6 + -1). Let b be 3*a/(-6) + 3. What is the units digit of k(b)?
8
Let c(a) = 97*a**2 + 2*a - 7. Let x(l) = 48*l**2 + l - 3. Let g(u) = -3*c(u) + 7*x(u). Let t be g(-1). Let y = t - 22. What is the units digit of y?
2
Suppose -22 = -5*a + 2*d, 2*a + 2*d - 26 = -a. Suppose -16*u = -15*u - a. What is the units digit of u?
6
Suppose -4*g + 5*g = 2306. What is the hundreds digit of g?
3
Let d(a) = a**2 + 4*a + 7. Let u be d(-5). Suppose 158 = u*i - 10*i. What is the tens digit of i?
7
Suppose -4*t = -t - 12. Suppose -3*w = -t*q + 2*q + 163, -193 = -2*q - 3*w. What is the tens digit of q?
8
Let v = -4 + 1. Let o be (1/3)/(v/(-54)). What is the tens digit of 8/12 + 194/o?
3
Let f(x) = x**3 + 12*x**2 + 5*x + 16. What is the thousands digit of f(8)?
1
Let b = -837 + 1321. What is the units digit of b?
4
Let f = 858 - 259. What is the units digit of f?
9
Let p(j) = -88*j - 24. What is the units digit of p(-10)?
6
Let v = 4 + -3. Let d be -3*v*1/(-1). Suppose 45 = 2*a - 5*q, 0 = d*a - 5*a - q + 63. What is the tens digit of a?
3
Let t(i) = 21 + 2*i**2 - 6*i - 10 - 3. What is the units digit of t(-4)?
4
Let q = 20 - 15. Suppose -5*w - 4*v = -536 - 114, q*w + v = 665. Suppose 2*g - 96 = t, -2*g - g + w = t. What is the units digit of g?
6
What is the units digit of (-1)/(-3)*-2*6186/(-4)?
1
Let u be 15/4 - (-4)/(-32)*6. Suppose -u*p - 3*r + 54 = 0, 2*p - 39 = 5*r + 4. What is the units digit of p?
9
Let s be 2/(3/(-1) - (-14)/5). Let r(y) = -y**3 - 10*y**2 - 8*y + 3. What is the tens digit of r(s)?
8
Let j(k) = -19*k**3 + 2*k**2 + 9*k - 1. What is the hundreds digit of j(-3)?
5
Suppose 5*f + 7 + 24 = 2*o, 4*f = -4*o - 8. Suppose -3*h - 4*q - 4 = -h, 3*q = 5*h - o. Suppose h = -5*u - 16 + 61. What is the units digit of u?
9
Let g = -83 - -393. What is the units digit of g?
0
Let z be 2/(14/3) - 3736/28. Let x = z + 188. What is the units digit of x?
5
Let x be 622/6 - ((-2)/3)/(-1). Let a = x + -73. What is the tens digit of a?
3
Suppose -2*o + 4 = d - 9, 5*o + 2*d - 31 = 0. Suppose 151 = 2*n - o. What is the units digit of n?
8
Suppose -3*b - 2 = -3*m + 1, 2*m + b - 8 = 0. Suppose 4*x + m*k = x + 48, 0 = -4*k - 16. What is the tens digit of x?
2
Suppose -3*y = -7*y. Let u be 1 + y - (-7 + 4). Suppose 3*b + 2*s + 33 = u*b, 3*b = -5*s + 55. What is the tens digit of b?
2
Let t(y) = y**2 - 5*y + 5. Suppose -2*x + 0*x = -20. Let k be t(x). Let n = k - 38. What is the units digit of n?
7
Let v(y) = -3*y. Suppose -1 + 11 = -2*m. Let b be v(m). What is the units digit of (-1)/(3 + (-48)/b)?
5
Suppose t = 5*t - 320. Let s = t + -26. What is the units digit of s?
4
Let p = 677 + -470. What is the units digit of p?
7
Let p(r) = r**3 + 6*r**2 + 8*r + 3. Let y be p(-5). Let d(k) = -k + 11. Let x be d(16). Let u = x - y. What is the units digit of u?
7
Let u(h) = h**2 + 10*h + 10. Let r be u(-5). Suppose 2*t = 0, 2*z + 14 + 22 = -3*t. Let s = r - z. What is the units digit of s?
3
Let z(t) = 144*t. Let y(b) = -b**3 + 2*b**2 + 3*b + 1. Let s be y(3). Let f be z(s). Suppose -2*v = 2*v - f. What is the units digit of v?
6
Let t(v) = 3*v - 16. Let d(x) = 4*x - 15. Let m(w) = 5*d(w) - 6*t(w). Let i be 1 - 2 - (7 - 8). What is the units digit of m(i)?
1
Suppose 0*f - 12 = -4*f. Suppose f*z - 6 = 6*z. Let y(c) = -16*c - 1. What is the units digit of y(z)?
1
Suppose 36 = k + 8*k. Suppose -n - 4*n = k*u - 224, -n - u + 44 = 0. What is the tens digit of n?
4
Let k be (3 - 2)*9/(0 + 3). Let r(x) = 20*x - 9. What is the units digit of r(k)?
1
Suppose -4*k + 2857 = -a - 3311, a + 7710 = 5*k. What is the hundreds digit of k?
5
Let f(h) = 2*h**2 - 9*h - 7. What is the tens digit of f(7)?
2
Suppose b - 8 = -3*b. Suppose b*t - 16 + 2 = -4*p, 0 = -p - 3*t + 1. Suppose -l + 34 - p = 0. What is the units digit of l?
0
Suppose u - 3 = 3*q + 7, -2*q = 5*u - 16. Let b = q - -2. Suppose -5*y + 25 + 10 = b. What is the units digit of y?
7
Let n(a) = a**2 - a - 3. Let c be n(3). Suppose c*v - 2*v = 10. Let r = -9 + v. What is the units digit of r?
1
Suppose -2*t + 6 = 0, o + 124 = 2*t + 2343. What is the tens digit of o?
2
Let t be (-6)/(-24) + 3/4. What is the tens digit of (-182)/(-3) - (t - 4/3)?
6
Suppose 0 = -2*a + 3*i + 968, 3*i + 1155 + 781 = 4*a. What is the hundreds digit of a?
4
Let t = -41 - -185. Suppose 0 = -5*o + o - j + t, o = 5*j + 57. What is the tens digit of o?
3
Suppose 290 = 5*y - 90. Let a(u) = -u**2 - 11*u + 1. Let t be a(-11). Suppose -d + y - t = 0. What is the units digit of d?
5
Let l(r) = -29*r - 4. Let m be l(-1). What is the tens digit of -16*(-1)/(20/m)?
2
What is the hundreds digit of 678/(-10)*3920/(-147)?
8
Let s = 10 + -8. Suppose l + 3*a - 34 = s*a, 3*a + 46 = l. What is the units digit of l?
7
Let u(z) = -z**3 + 12*z**2 - 10*z + 1. Let g be u(11). Let j be -2*g/8 - 3. Let w(s) = -8*s - 2. What is the units digit of w(j)?
6
Let b(g) = 7*g**3 + g**2. Let o = -9 + 8. Let z be b(o). What is the units digit of (4/z)/(1/(-54))?
6
Let a be 3 + (-7)/(-2) - 3/6. Suppose -3*f = -14 - 85. Suppose u = -a + f. What is the tens digit of u?
2
Let d(k) = -124*k**3 - 21*k**2 - 49*k - 4. Wh